er when 79417265 is divided by 1721.
1720
Calculate the remainder when 860658 is divided by 95612.
150
What is the remainder when 19411902 is divided by 107248?
14
What is the remainder when 12074485 is divided by 1558?
1543
What is the remainder when 3708877 is divided by 109?
43
What is the remainder when 49226394 is divided by 1800?
1794
Calculate the remainder when 3667729 is divided by 407524.
13
Calculate the remainder when 13939306 is divided by 2105.
2101
What is the remainder when 50984994 is divided by 600?
594
Calculate the remainder when 36904934 is divided by 8447.
8438
What is the remainder when 10698213 is divided by 1929?
1908
Calculate the remainder when 1502624 is divided by 82.
56
Calculate the remainder when 1000678 is divided by 37044.
490
Calculate the remainder when 1248495 is divided by 249689.
50
What is the remainder when 3962378 is divided by 1981185?
8
Calculate the remainder when 2566254 is divided by 213.
30
What is the remainder when 208905145 is divided by 5?
0
Calculate the remainder when 332835523 is divided by 8811.
8809
Calculate the remainder when 1132454 is divided by 41937.
155
Calculate the remainder when 83946 is divided by 4616.
858
What is the remainder when 39268244 is divided by 179?
119
Calculate the remainder when 42738 is divided by 35572.
7166
Calculate the remainder when 15271752 is divided by 18.
12
What is the remainder when 64168 is divided by 318?
250
What is the remainder when 196266 is divided by 65300?
366
What is the remainder when 773848 is divided by 33627?
427
What is the remainder when 1508719 is divided by 116040?
199
Calculate the remainder when 22631189 is divided by 5657733.
257
Calculate the remainder when 589783 is divided by 196466.
385
What is the remainder when 36280081 is divided by 5390?
5381
Calculate the remainder when 27295 is divided by 1068.
595
What is the remainder when 31088370 is divided by 63?
12
What is the remainder when 4501045 is divided by 29?
13
What is the remainder when 1800803 is divided by 163709?
4
What is the remainder when 5149887 is divided by 33659?
60
Calculate the remainder when 44635 is divided by 948.
79
Calculate the remainder when 239219 is divided by 14063.
148
What is the remainder when 1372310 is divided by 2853?
17
What is the remainder when 1580290 is divided by 33?
19
What is the remainder when 8631 is divided by 563?
186
Calculate the remainder when 4741545 is divided by 987.
984
Calculate the remainder when 143965 is divided by 15990.
55
What is the remainder when 1353889 is divided by 6?
1
What is the remainder when 31667631 is divided by 32?
15
What is the remainder when 30897721 is divided by 32?
25
What is the remainder when 208779 is divided by 344?
315
Calculate the remainder when 967418 is divided by 4651.
10
Calculate the remainder when 82605873 is divided by 3309.
3306
Calculate the remainder when 3513042 is divided by 71.
33
What is the remainder when 1581848 is divided by 87843?
674
What is the remainder when 47619919 is divided by 1563?
1561
What is the remainder when 911389 is divided by 525?
514
What is the remainder when 9814711 is divided by 51?
16
What is the remainder when 144757 is divided by 136579?
8178
What is the remainder when 430863 is divided by 1441?
4
What is the remainder when 4619700 is divided by 1350?
0
What is the remainder when 3368622 is divided by 276?
42
What is the remainder when 76490858 is divided by 45?
38
What is the remainder when 4081989 is divided by 155?
64
Calculate the remainder when 6968106 is divided by 348397.
166
What is the remainder when 371501 is divided by 185?
21
Calculate the remainder when 268563 is divided by 26854.
23
What is the remainder when 19706594 is divided by 469201?
152
What is the remainder when 92183 is divided by 993?
827
Calculate the remainder when 28244262 is divided by 5648820.
162
Calculate the remainder when 52254 is divided by 24152.
3950
What is the remainder when 1510013 is divided by 410?
393
What is the remainder when 4036172 is divided by 32?
12
Calculate the remainder when 6397587 is divided by 3423.
0
What is the remainder when 30482395 is divided by 1560?
1555
What is the remainder when 42596745 is divided by 19?
18
What is the remainder when 8730145 is divided by 593?
592
Calculate the remainder when 431437 is divided by 665.
517
Calculate the remainder when 25268 is divided by 5456.
3444
Calculate the remainder when 929990 is divided by 116152.
774
Calculate the remainder when 23058207 is divided by 190.
187
Calculate the remainder when 11205622 is divided by 14.
8
What is the remainder when 956383 is divided by 119?
99
Calculate the remainder when 4076674 is divided by 791.
651
Calculate the remainder when 86406 is divided by 4573.
4092
What is the remainder when 15291 is divided by 1519?
101
Calculate the remainder when 549849 is divided by 275.
124
Calculate the remainder when 27503 is divided by 5472.
143
Calculate the remainder when 2703364 is divided by 158.
142
What is the remainder when 10471 is divided by 17?
16
Calculate the remainder when 4591 is divided by 4520.
71
Calculate the remainder when 137324830 is divided by 7516.
7510
Calculate the remainder when 35327639 is divided by 11775877.
8
What is the remainder when 51877221 is divided by 9?
6
Calculate the remainder when 13424022 is divided by 65483.
7
What is the remainder when 2621884462 is divided by 178?
176
What is the remainder when 689510 is divided by 689128?
382
Calculate the remainder when 297294 is divided by 1605.
369
Calculate the remainder when 21235 is divided by 19911.
1324
Calculate the remainder when 44052080 is divided by 23.
19
Calculate the remainder when 941776 is divided by 52253.
1222
What is the remainder when 11918512 is divided by 14973?
4
What is the remainder when 119637 is divided by 7?
0
What is the remainder when 3511180 is divided by 1755572?
36
Calculate the remainder when 31797407 is divided by 61.
59
Calculate the remainder when 33366245 is divided by 91.
3
Calculate the remainder when 158177 is divided by 517.
492
What is the remainder when 2040714 is divided by 290?
274
What is the remainder when 1229323 is divided by 2519?
51
What is the remainder when 232136 is divided by 547?
208
Calculate the remainder when 1435087 is divided by 717539.
9
Calculate the remainder when 146077 is divided by 5327.
2248
What is the remainder when 20926 is divided by 677?
616
What is the remainder when 17729725 is divided by 110?
35
Calculate the remainder when 857694 is divided by 11435.
69
What is the remainder when 13319 is divided by 878?
149
Calculate the remainder when 144027 is divided by 11068.
143
Calculate the remainder when 1080242 is divided by 13.
7
What is the remainder when 21476 is divided by 19434?
2042
Calculate the remainder when 11730892 is divided by 12991.
19
What is the remainder when 3160278 is divided by 790051?
74
What is the remainder when 15081303 is divided by 386700?
3
What is the remainder when 383899 is divided by 320?
219
What is the remainder when 1181446 is divided by 1338?
1330
Calculate the remainder when 17908157 is divided by 532.
505
What is the remainder when 1207072 is divided by 1922?
56
Calculate the remainder when 2921557 is divided by 3661.
79
Calculate the remainder when 36853861 is divided by 1134.
1129
What is the remainder when 72551597 is divided by 3113?
19
Calculate the remainder when 11351357 is divided by 270269.
59
What is the remainder when 30776 is divided by 14274?
2228
What is the remainder when 21040298 is divided by 437?
59
Calculate the remainder when 30469372 is divided by 5552.
5548
Calculate the remainder when 16526897 is divided by 19.
13
What is the remainder when 19520 is divided by 5424?
3248
Calculate the remainder when 1530910 is divided by 431.
429
What is the remainder when 7640244 is divided by 202?
200
What is the remainder when 8761279 is divided by 2920421?
16
What is the remainder when 13337393 is divided by 187?
179
Calculate the remainder when 2405401 is divided by 1537.
1533
Calculate the remainder when 15451675 is divided by 1273.
1
What is the remainder when 17365434 is divided by 3473068?
94
Calculate the remainder when 26457238 is divided by 1407.
10
Calculate the remainder